13 and 39.
13
Calculate the greatest common divisor of 6 and 16818.
6
Calculate the greatest common divisor of 105991 and 83.
83
What is the highest common divisor of 441 and 273?
21
Calculate the highest common factor of 195 and 90.
15
Calculate the greatest common divisor of 20 and 7290.
10
What is the greatest common divisor of 32 and 1568?
32
What is the highest common divisor of 143 and 22?
11
What is the highest common divisor of 39 and 195?
39
What is the greatest common divisor of 47 and 517?
47
What is the highest common factor of 23 and 161?
23
What is the highest common factor of 84 and 945?
21
Calculate the greatest common divisor of 8 and 664.
8
What is the highest common factor of 117 and 1872?
117
Calculate the highest common factor of 32 and 272.
16
Calculate the greatest common divisor of 3429 and 127.
127
What is the greatest common divisor of 600 and 75?
75
What is the highest common divisor of 51 and 7837?
17
What is the greatest common factor of 99 and 126?
9
What is the greatest common factor of 297 and 49599?
297
What is the greatest common factor of 9351 and 9?
9
What is the highest common divisor of 522 and 36?
18
What is the greatest common factor of 45 and 8019?
9
What is the highest common factor of 1420 and 610?
10
Calculate the greatest common factor of 36 and 84.
12
Calculate the greatest common factor of 1491 and 21.
21
What is the highest common divisor of 689 and 52?
13
What is the highest common divisor of 143 and 22?
11
Calculate the greatest common divisor of 23 and 69.
23
What is the highest common factor of 672 and 102?
6
Calculate the greatest common divisor of 110 and 165.
55
What is the greatest common factor of 592 and 80?
16
What is the highest common divisor of 31 and 2?
1
What is the greatest common factor of 18 and 54?
18
Calculate the greatest common factor of 268 and 32.
4
What is the greatest common factor of 8 and 692?
4
What is the highest common divisor of 1472 and 64?
64
What is the highest common factor of 838 and 2?
2
What is the highest common divisor of 462 and 363?
33
What is the highest common factor of 9581 and 22?
11
What is the highest common factor of 7720 and 40?
40
What is the greatest common divisor of 2 and 74?
2
What is the greatest common divisor of 12276 and 108?
36
Calculate the highest common divisor of 135 and 30.
15
Calculate the highest common divisor of 87 and 12.
3
Calculate the greatest common divisor of 10 and 23.
1
What is the greatest common divisor of 40 and 5?
5
Calculate the greatest common factor of 781 and 284.
71
Calculate the greatest common divisor of 23 and 7613.
23
Calculate the greatest common factor of 38 and 133.
19
Calculate the greatest common factor of 633 and 144.
3
What is the highest common divisor of 348 and 204?
12
Calculate the highest common divisor of 14651 and 21.
7
What is the highest common factor of 128 and 24512?
64
Calculate the highest common divisor of 7 and 22337.
7
What is the highest common divisor of 88 and 1012?
44
What is the greatest common factor of 12 and 294?
6
What is the highest common factor of 3808 and 84?
28
What is the greatest common factor of 101 and 404?
101
What is the highest common factor of 7267 and 129?
43
What is the greatest common factor of 360 and 96?
24
What is the greatest common divisor of 444 and 1184?
148
Calculate the greatest common divisor of 1295 and 8695.
185
What is the greatest common factor of 426 and 1988?
142
Calculate the highest common factor of 9 and 5742.
9
What is the greatest common factor of 24 and 184?
8
Calculate the greatest common factor of 664 and 8.
8
What is the highest common factor of 522 and 58?
58
What is the greatest common divisor of 918 and 204?
102
What is the greatest common divisor of 4 and 9332?
4
What is the highest common divisor of 4005 and 30?
15
What is the highest common factor of 4672 and 73?
73
What is the highest common factor of 170 and 25?
5
What is the highest common divisor of 112 and 32?
16
What is the highest common divisor of 644 and 2116?
92
What is the highest common divisor of 63 and 15414?
21
Calculate the highest common factor of 124 and 66.
2
What is the greatest common factor of 4 and 28?
4
What is the greatest common factor of 80 and 400?
80
What is the highest common divisor of 1064 and 16?
8
Calculate the greatest common divisor of 18 and 198.
18
What is the greatest common factor of 1116 and 18?
18
What is the highest common factor of 235 and 56165?
235
Calculate the greatest common divisor of 5904 and 41.
41
What is the highest common factor of 44 and 979?
11
Calculate the highest common divisor of 99 and 14685.
33
Calculate the highest common factor of 6129 and 81.
27
What is the highest common divisor of 22 and 46?
2
Calculate the greatest common factor of 186 and 8277.
93
What is the highest common divisor of 297 and 351?
27
Calculate the highest common divisor of 34236 and 108.
108
What is the highest common divisor of 37 and 629?
37
Calculate the highest common divisor of 1253 and 28.
7
What is the highest common factor of 1650 and 1122?
66
What is the highest common factor of 32 and 4?
4
What is the highest common divisor of 2322 and 2494?
86
What is the highest common divisor of 455 and 325?
65
What is the highest common factor of 43 and 31?
1
Calculate the greatest common divisor of 519 and 1211.
173
Calculate the greatest common divisor of 195 and 3185.
65
What is the highest common divisor of 230 and 414?
46
What is the highest common factor of 702 and 540?
54
Calculate the greatest common divisor of 224 and 1024.
32
Calculate the highest common divisor of 18 and 136.
2
Calculate the greatest common divisor of 87 and 58.
29
What is the highest common divisor of 448 and 119?
7
What is the highest common factor of 41456 and 32?
16
What is the greatest common factor of 1081 and 47?
47
What is the greatest common factor of 252 and 1980?
36
What is the highest common factor of 27 and 186?
3
Calculate the greatest common factor of 65 and 15.
5
Calculate the greatest common factor of 96 and 1312.
32
What is the highest common factor of 11 and 1397?
11
Calculate the greatest common divisor of 36 and 72.
36
Calculate the greatest common factor of 20 and 440.
20
Calculate the highest common factor of 1411 and 415.
83
What is the greatest common divisor of 748 and 4?
4
What is the highest common divisor of 90 and 630?
90
What is the highest common factor of 246 and 6?
6
Calculate the greatest common factor of 109 and 109.
109
Calculate the highest common factor of 104 and 344.
8
What is the greatest common divisor of 2235 and 15?
15
What is the highest common divisor of 558 and 18?
18
What is the highest common divisor of 26 and 6?
2
What is the greatest common factor of 665 and 4921?
133
What is the highest common factor of 4818 and 66?
66
What is the greatest common divisor of 134 and 4?
2
Calculate the greatest common factor of 20 and 460.
20
Calculate the highest common factor of 3596 and 29.
29
Calculate the highest common factor of 114 and 266.
38
What is the greatest common divisor of 28938 and 28?
14
Calculate the greatest common factor of 10 and 4010.
10
What is the highest common factor of 208 and 2?
2
Calculate the highest common divisor of 24 and 1464.
24
Calculate the greatest common factor of 12 and 2859.
3
What is the highest common divisor of 217 and 13144?
31
Calculate the greatest common divisor of 16 and 112.
16
Calculate the greatest common divisor of 190 and 418.
38
Calculate the greatest common factor of 391 and 697.
17
Calculate the highest common divisor of 1480 and 120.
40
Calculate the highest common divisor of 44 and 7436.
44
What is the greatest common factor of 6 and 977?
1
What is the greatest common divisor of 6 and 2433?
3
What is the highest common factor of 15379 and 39?
13
Calculate the highest common divisor of 792 and 180.
36
What is the highest common divisor of 29 and 4?
1
Calculate the greatest common factor of 275 and 75.
25
What is the highest common divisor of 430 and 10?
10
Calculate the greatest common divisor of 10 and 1465.
5
What is the highest common divisor of 2565 and 36?
9
Calculate the highest common divisor of 77 and 14.
7
What is the greatest common factor of 1860 and 1116?
372
C